
What is the value of 27 - (-72 - (-22 - -22)) - (0 + 3 + -13)?
109
Evaluate 4 + 17 - (40 - (-3 - -49)).
27
Evaluate 63 + -198 + 2 + 77.
-56
(-193 - -25 - -136) + 75
43
What is the value of (-31 - (-14 + -18) - (0 + -71)) + 5?
77
13 + -2 - ((70 - -12) + -103)
32
Evaluate (-239 + 247 - (28 - 0)) + (-12 - (1 - 0)).
-33
-16 + -2 - (-30 + -12 + 66)
-42
3 - -11 - (-2 + 28 + 699 + -701)
-10
35 - ((42 + -43 - -6) + (-4 - (-2 + 3)))
35
What is -19 - (89 - 99) - ((4 - 0) + -10 + 9)?
-12
-2 + 30 - (-31 - (-61 - -12))
10
Evaluate -20 + -12 + -2 + 20 + -4.
-18
-3 - 2 - (43 - 191 - -9)
134
What is the value of 81 + -40 + -10 + -14?
17
What is the value of 9 + -1 - (-9 - 9 - -11 - -63)?
-48
What is the value of -135 - (-65 + -124 - -89)?
-35
-25 - (19 + -30 + 11 + 8 - (15 + -1))
-19
Evaluate (-3 - 3) + 4 + (13 - (-10 - -16)).
5
Evaluate 52 + (60 - (-48 + 198)).
-38
What is the value of 72 - 74 - ((27 - 13) + -14 + -1 + 8)?
-9
-6212 + 6389 - (107 - 3)
73
Evaluate (-50 - -60 - -29) + -52.
-13
Calculate (-80 - 2) + (-50 + 35 - -22) + -1 + -3.
-79
(-71 + 80 - (18 + 3) - 26) + -17
-55
What is the value of (-5 - -9) + -19 - (-3 - 0)?
-12
What is (1 - 9) + (-23 + 45 - -16)?
30
What is -29 + -132 + 74 + 147?
60
What is the value of 92 - (14 + 18) - 99?
-39
What is 23 - 18 - (-6 + -59 + -6 + 4 + -6)?
78
Evaluate (1435 - 1494) + (2 - -14).
-43
What is the value of (-6922 - -6958) + (0 + -2 - 1) + -1 + 4?
36
Calculate 21 + (-8 - (10 - (13 + 5) - (1 - 7))).
15
What is the value of -12 - ((51 - 10) + -76)?
23
What is -190 + 195 + 9 + -1 + (-35 - 56)?
-78
Evaluate (23 - -26) + (3 + 5 - (8 - -1)).
48
What is the value of 552 - 669 - (-4 + -147)?
34
What is the value of 66 + 81 + (-55 - -27)?
119
Calculate (-31 - -4) + 7 + -165 + 147.
-38
(-17 - -17 - -16) + -35 + 52
33
What is the value of 12 - (40 + -61 - (-4 + -55))?
-26
What is -3 + (14 - 4) + 1 - (-2 - (4 + -1))?
13
Evaluate 48 - 4 - 12 - 16.
16
Evaluate 8 + (599 + -593 - (3 - (-1 + -2))) - 133.
-125
What is the value of 478 - 458 - ((0 - 0) + 17) - 27?
-24
What is -46 + (-59 - -54) + (9 - 0) + -7?
-49
Evaluate -38 + 9 + (-9 - -30).
-8
What is the value of -61 + (16 + -6 + 4 + -14 - 10)?
-71
What is the value of -73 + 30 + (-3 - (0 - 8))?
-38
Evaluate 0 + 1 - (3 + -26 + -5 - 34).
63
2277 + -2334 - (0 + -44)
-13
Calculate -66 + 1 - (-17 + (-25 - (14 + -43))).
-52
1 + 6 - (6 + -1 + (-2 - (-37 + 96)))
63
What is the value of 57 + -12 + -14 + 13?
44
What is (-59 + 10 - -30) + 4 + 56?
41
What is -25 + 35 + -4 - (-21 - (1 + -5))?
23
What is -2 - (-1 + -19) - ((8 - 3) + -1)?
14
What is 18 - (2 + 0 - (54 - 56))?
14
Evaluate 44 - -1 - (-53 - -58 - 26).
66
-8 + (-81 - (-16 + -1)) - (4 - 17)
-59
What is (-5 - 2) + (75 - (45 - -52))?
-29
27 + (-2 + 8 - (-19 + -12 + 32))
32
Evaluate 57 - -8 - (734 + -581).
-88
Evaluate -50 + -50 + (10 - -80).
-10
Evaluate 19 + -1 + 2 + (-29 - -27) + (4 - 8).
14
Calculate -7 - (-33 + (-6 - (0 - -8 - 16))).
24
Evaluate 15 + 19 + -19 + 18 - (13 - (7 + -3)).
24
What is the value of 9 - (-7 + -2 + -9 + -33 - -9)?
51
What is 24 + 17 + -24 - (-18 - -9)?
26
What is the value of (108 - 130 - -115) + -41?
52
Calculate (-31 - -10) + 127 + -106.
0
What is (15 - -2) + (28 - 60 - 26)?
-41
What is 106 + (30 - (110 + -68))?
94
(1 - -21) + -35 + (74 - 10 - 21)
30
Evaluate 6 + (31 - (13 + -1)) + 33 + 52.
110
Calculate -63 + (-25 - (-31 - -14)) - -30.
-41
Calculate -73 - (-58 - -70) - -41.
-44
What is the value of (-4 - ((0 - -7) + -14 - 8)) + -49?
-38
(2 - ((-6 - -3 - -3) + -2)) + (-515 - -523)
12
What is 14 - (2 - -10) - (6 + 82 - (7 - 9))?
-88
-47 + -4 + 106 + 68
123
Calculate (8 - 18) + 16 + 39 + (-48 - 24).
-27
Calculate -40 + (-4 - (-1 + -23)) + -26.
-46
Calculate (0 + 0 - -1) + (-6 + 25 - (9 - -3)).
8
What is the value of -7 + -7 - -97 - 33?
50
What is (-31 + 27 - 58) + 49?
-13
What is the value of (-48 - 46) + 39 + 83?
28
Evaluate 5 + (-7 - -12) + (43 + -37 - -25).
41
Evaluate 3 + 1 + -19 + (33 - 14).
4
What is the value of -4 + 6 + -13 - (-7 - (13 + -7))?
2
What is 41 + -60 + -3 + 40?
18
What is 21 + -17 + -24 - -91 - -14?
85
(5 + -20 + 15 - (0 - 19)) + 48
67
What is the value of -1 + 2 - (-83 + 9) - (14 + (3 - 7))?
65
Evaluate -65 + (9 - -6 - (78 - 82)).
-46
What is -8 + (-149 - -42 - -210)?
95
What is the value of 14 - (-20 + -3 + -3 + 12 + -2)?
30
What is 10 - 9 - -27 - (105 + -104)?
27
Calculate (0 - -10 - (0 + 0)) + 1562 + -1567.
5
What is -12 - (11 + -15) - (-85 - -105)?
-28
Calculate 7 + (6 - 1 - (-2 + -22 + -407 + 421)).
22
Evaluate 2 + -4 - (-71 + (0 - (18 + -5 - 27))).
55
23 - 24 - (-41 - -11)
29
What is the value of -35 + 1 + 18 + (373 - 359) + -33 + -1?
-36
What is the value of 81 + (-24 - -6) - (-6 + 12 - (-8 + 5))?
54
What is the value of 456 - 469 - (23 + 3 - -6)?
-45
27 + (86 - (44 + 70))
-1
What is the value of (-26 - -52) + -33 + 5 + -90?
-92
What is the value of 24 - (-15 + 22 + 50)?
-33
What is -13 - (-25 + (16 - (15 - 8))) - 20?
-17
15 - ((-179 - -37) + 40 - (-3 + (9 - -2)))
125
15 + -25 + 14 - (-215 + 219 - (-13 + 0))
-13
What is (-1 - -19) + 1284 + -1236?
66
Calculate 53 + (-32 - 26) + 37.
32
What is the value of (-11 - 73) + -721 + 840?
35
What is 5 + 0 + -3 + 92 + (12 - 35 - -5)?
76
Evaluate 6 - (-5 + -33 - -44).
0
What is the value of (-114 - (-6 + -15) - -10) + (-6 - 1 - -1)?
-89
What is the value of 52 - (-24 + 106) - 34?
-64
Calculate (41 + -58 + 18 - (4 + -1 + 0)) + 25.
23
What is 28 + 6 - (4 + 45 + -31)?
16
-35 - (-47 - (-128 - -44))
-72
Evaluate -267 + 202 + 157 + 20.
112
What is 26 + 64 - 10 - 45?
35
Calculate 79 + (2631 - 2632) + (1 - 41).
38
What is the value of 94 + (-24 - -60 - 84)?
46
Evaluate (-19 - 23) + 31 - -57.
46
Calculate (-4 - 96 - -1) + 0 - (-23 - (-128 - -90)).
-114
What is -42 + 7 + 38 + -78?
-75
What is (-1 - 16) + (-4 + 5 - (-10 - -3)) + 38?
29
Evaluate -73 + (1 - 1) + (42 - 61) + 10 + 13.
-69
Calculate 5 - ((40 - 50) + 8 + (4 - 5) + 20).
-12
Calculate 0 + 3 + -109 + (85 - 44) + 9.
-56
What is (-116 + -21 - -143) + 3 + 3 + -6 + -81?
-75
Evaluate (39 - (31 + 24)) + -34.
-50
Evaluate (-446 - -353) + (57 - 1).
-37
What is the value of 0 + -95 + -289 + 388?
4
Calculate 0 + 0 + -12 - (-3 + -14 + -21 - -65).
-39
Evaluate (52 - -28) + -10 - 16.
54
Evaluate -9 + 12 + (51 - 56) - (1 + -51).
48
What is -53 + 9 + (-73 - -84 - (1 - -7))?
-41
What is (-11 - (-2 + 0 + -3 + 3)) + (-1 - -57)?
47
What is the value of -74 + (45 - -33 - 9)?
-5
Evaluate -41 - (25 - -65 - 172).
41
Evaluate 23 + (9 - 24) + -16 + -43 + 7.
-44
What is the value of -15 - (-17 - 64 - -24)?
42
What is the value of -3 + (1 - (-31 + 3 - (18 - (-16 - -29))))?
31
What is (18 - -1) + -11 + 36 + -43?
1
What is (-1 + (-35 - -17) - (10 + -12)) + 102?
85
What is the value of 169 - 132 - (-2 + -17) - 26?
30
Evaluate (3 - 3) + 382 + -430 + (3 - -10).
-35
What is 3 + -5 + 304 + -309 + (-1 - 9)?
-17
-4 + 0 + 3 + (-8 - -7 - (-22 - 3))
23
Calculate 3 + (10 - 1) + (-23 + 76 - 56) + 53.
62
What is -9 + (14 + -12 - (-17 + 11 - -56))?
-57
What is -12 + (80 - 13) - 94?
-39
What is -56 - (6 + (17 + -8 + -1 - (12 - 5)))?
-63
Calculate -19 + (-66 - (-48 + 53)).
-90
Evaluate (3 + -18 - -8) + 4 + 8 + 2 + 83.
90
Evaluate -2 + 5 - 71 - (-13 - -23 - 20).
-58
What is 10 - 19 - (17 + (16 - 75) + 8)?
25
16 + (-10 - 20 - -6) - (3 + 0)
-11
Calculate -2 + (-4 - -1) + (26 - 21) - -21.
21
What is the value of (-27 + 4 + 11 - 8) + 37?
17
-69 + -1 + 53 + 2 - (-2 - (1 + 149))
137
Calculate 33 - 8 - (-23 + (24 - 19)).
43
2 + (6 - -9) + -15 - (12 + -1)
-9
Calculate 20 + -3 + 1 + -22 + 18 + 23.
37
Evaluate -75 + (90 - 45) - (19 - -2).
-51
(-16 - (74 - 197)) + -80
27
-9 + (-6 - (-12 + (5 - 0))) - (160 - 261)
93
Evaluate (-13 - (-2 + 2)) + (16 - (21 - 26) - 25).
-17
Evaluate -68 + ((-75 - -55) + 7 - (3 - 7)).
-77
Evaluate 7 + (-54 - (-71 - 0)) - (1 + 179).
-156
Calculate 31 - 73 - -20 - (-1 - 47).
26
Evaluate 70 + (-207 - -77) - -91.
31
(24 - (-115 + 139)) + (-1 - -28)
27
What is -13 - (-13 - (-7 + -74 + 13) - 9)?
-59
-57 + 8 + 72 + -11
12
What is the value of (24 - (130 - 82)) + -53?
-77
6 - -36 - (-52 - (-24 - 28))
42
Evaluate (-158 - -116) + (4 - 3 - (-1 - 7)).
-33
4 + 22 - 38 - (1 - (-4 + 41))
24
What is 11 - (-57 + 19 + -4)?
53
Evaluate (60 + -49 - (17 - 2)) + -59.
-63
What is the value of -26 - (-19 - 3 - -39 - -8)?
-51
What is the 